{"id":81,"date":"2017-05-16T14:36:05","date_gmt":"2017-05-16T14:36:05","guid":{"rendered":"http:\/\/oplaesning.samfundslitteratur.dk\/?page_id=81"},"modified":"2017-08-16T09:47:27","modified_gmt":"2017-08-16T09:47:27","slug":"x-tra-materialer-til-bogen","status":"publish","type":"page","link":"https:\/\/oplaesning.samfundslitteratur.dk\/?page_id=81","title":{"rendered":"Materiale til bogen"},"content":{"rendered":"<p>Hvordan var det lige, den \u00f8velse var? Og hvordan lyder det mon, n\u00e5r man bruger de tegn, der er i teksteksemplerne?<\/p>\n<p>Til at supplere \u00f8velser og eksempler i bogen kan du her finde lydfiler og fotos. Her finder du ogs\u00e5 en hurtig genvej til de links, der er i bogen. Der er b\u00e5de links til opslagsv\u00e6rker, artikler og youtubevideoer, og der er ogs\u00e5 et par links, som ikke st\u00e5r i bogen, men som er relevante.<\/p>\n<p>Denne del af hjemmesiden er til dig, der sidder med bogen i h\u00e5nden.\u00a0Vi har placeret materialet, s\u00e5 det er delt op ud fra kapitlerne og placeringen i bogens dele:<\/p>\n<ul>\n<li><a href=\"http:\/\/oplaesning.samfundslitteratur.dk\/?page_id=44\">Materiale og links til del 1: Introduktion til opl\u00e6sning.<\/a><\/li>\n<li><a href=\"http:\/\/oplaesning.samfundslitteratur.dk\/?page_id=62\">Materiale og links til del 2: Stemmen og kroppen.<\/a><\/li>\n<li><a href=\"http:\/\/oplaesning.samfundslitteratur.dk\/?page_id=45\">Materiale og links til del 3: Den mundtlige mikserpult.<\/a><\/li>\n<li><a href=\"http:\/\/oplaesning.samfundslitteratur.dk\/?page_id=63\">Materiale og links til del 4: Udfordringer i forskellige opl\u00e6sningsgenrer.<\/a><\/li>\n<\/ul>\n<p>Bogens del 5: Praktiske tips og tricks er den korteste del i bogen, s\u00e5 der er ikke noget ekstramateriale til den del. <a href=\"http:\/\/oplaesning.samfundslitteratur.dk\/?page_id=289\">Se hele indholdsfortegnelsen her<\/a>.<\/p>\n<p><img loading=\"lazy\" decoding=\"async\" class=\"alignnone wp-image-452 size-large\" src=\"http:\/\/oplaesning.samfundslitteratur.dk\/wp-content\/uploads\/2017\/08\/billede2-1024x662.jpg\" alt=\"\" width=\"750\" height=\"485\" srcset=\"https:\/\/oplaesning.samfundslitteratur.dk\/wp-content\/uploads\/2017\/08\/billede2-1024x662.jpg 1024w, https:\/\/oplaesning.samfundslitteratur.dk\/wp-content\/uploads\/2017\/08\/billede2-300x194.jpg 300w, https:\/\/oplaesning.samfundslitteratur.dk\/wp-content\/uploads\/2017\/08\/billede2-768x497.jpg 768w\" sizes=\"auto, (max-width: 750px) 100vw, 750px\" \/><\/p>\n","protected":false},"excerpt":{"rendered":"<p>Hvordan var det lige, den \u00f8velse var? Og hvordan lyder det mon, n\u00e5r man bruger de tegn, der er i teksteksemplerne? Til at supplere \u00f8velser og eksempler i bogen kan du her finde lydfiler og fotos. Her finder du ogs\u00e5 en hurtig genvej til de links, der er i bogen. [&hellip;]<\/p>\n","protected":false},"author":1,"featured_media":0,"parent":0,"menu_order":0,"comment_status":"closed","ping_status":"closed","template":"","meta":{"footnotes":""},"class_list":["post-81","page","type-page","status-publish","hentry"],"_links":{"self":[{"href":"https:\/\/oplaesning.samfundslitteratur.dk\/index.php?rest_route=\/wp\/v2\/pages\/81","targetHints":{"allow":["GET"]}}],"collection":[{"href":"https:\/\/oplaesning.samfundslitteratur.dk\/index.php?rest_route=\/wp\/v2\/pages"}],"about":[{"href":"https:\/\/oplaesning.samfundslitteratur.dk\/index.php?rest_route=\/wp\/v2\/types\/page"}],"author":[{"embeddable":true,"href":"https:\/\/oplaesning.samfundslitteratur.dk\/index.php?rest_route=\/wp\/v2\/users\/1"}],"replies":[{"embeddable":true,"href":"https:\/\/oplaesning.samfundslitteratur.dk\/index.php?rest_route=%2Fwp%2Fv2%2Fcomments&post=81"}],"version-history":[{"count":5,"href":"https:\/\/oplaesning.samfundslitteratur.dk\/index.php?rest_route=\/wp\/v2\/pages\/81\/revisions"}],"predecessor-version":[{"id":499,"href":"https:\/\/oplaesning.samfundslitteratur.dk\/index.php?rest_route=\/wp\/v2\/pages\/81\/revisions\/499"}],"wp:attachment":[{"href":"https:\/\/oplaesning.samfundslitteratur.dk\/index.php?rest_route=%2Fwp%2Fv2%2Fmedia&parent=81"}],"curies":[{"name":"wp","href":"https:\/\/api.w.org\/{rel}","templated":true}]}}