{"id":62,"date":"2017-05-16T14:30:07","date_gmt":"2017-05-16T14:30:07","guid":{"rendered":"http:\/\/oplaesning.samfundslitteratur.dk\/?page_id=62"},"modified":"2017-08-16T09:10:27","modified_gmt":"2017-08-16T09:10:27","slug":"del-2","status":"publish","type":"page","link":"https:\/\/oplaesning.samfundslitteratur.dk\/?page_id=62","title":{"rendered":"Del 2: Stemmen og kroppen"},"content":{"rendered":"<p>Her er der materiale til bogens del to, der besk\u00e6ftiger sig med stemmen og kroppen. Her finder du illustrerende fotos af forskellige \u00f8velser og en lydfil med et opvarmningsprogram, \u00a0du kan downloade og lave i bilen p\u00e5 vej til en opl\u00e6sning eller en speakopgave.<\/p>\n<h4><b>Kapitel 5: Stemmen<\/b><\/h4>\n<p>I bogens kapitel om stemmeteknik er vi inde p\u00e5, hvordan den gode kropsholdning er med til at hj\u00e6lpe stemmen.<\/p>\n<p>En god holdnings\u00f8velse er at t\u00e6nke, at skulderbladene skal tilbage og ned. Pr\u00f8v denne \u00f8velse, der kan give dig en fornemmelse af, hvad det betyder: L\u00f8ft dine strakte arme op over hovedet lige foran dig med tommelfingrene opad p\u00e5 en ind\u00e5nding.<\/p>\n<p><span style=\"font-weight: 400;\"><br \/>\n<\/span><\/p>\n<p><img loading=\"lazy\" decoding=\"async\" class=\"alignnone size-large wp-image-146\" src=\"http:\/\/oplaesning.samfundslitteratur.dk\/wp-content\/uploads\/2017\/05\/Del-2-kap-5-Holdnings\u00f8velse-1-768x1024.jpg\" alt=\"\" width=\"625\" height=\"833\" srcset=\"https:\/\/oplaesning.samfundslitteratur.dk\/wp-content\/uploads\/2017\/05\/Del-2-kap-5-Holdnings\u00f8velse-1-768x1024.jpg 768w, https:\/\/oplaesning.samfundslitteratur.dk\/wp-content\/uploads\/2017\/05\/Del-2-kap-5-Holdnings\u00f8velse-1-225x300.jpg 225w, https:\/\/oplaesning.samfundslitteratur.dk\/wp-content\/uploads\/2017\/05\/Del-2-kap-5-Holdnings\u00f8velse-1-624x832.jpg 624w\" sizes=\"auto, (max-width: 625px) 100vw, 625px\" \/><\/p>\n<p>S\u00e6nk derefter armene ned til siden p\u00e5 en ud\u00e5nding. M\u00e6rk, hvordan dine skuldre bagefter er placeret. \u00d8velsen skulle gerne give f\u00f8lelsen af, at skulderbladene er placeret l\u00e6ngere tilbage og l\u00e6ngere nede. Det giver en bredere brystkasse og en bedre holdning.<\/p>\n<p><img loading=\"lazy\" decoding=\"async\" class=\"alignnone size-large wp-image-147\" src=\"http:\/\/oplaesning.samfundslitteratur.dk\/wp-content\/uploads\/2017\/05\/Del-2-kap-5-Holdnings\u00f8velse-2-931x1024.jpg\" alt=\"\" width=\"625\" height=\"687\" srcset=\"https:\/\/oplaesning.samfundslitteratur.dk\/wp-content\/uploads\/2017\/05\/Del-2-kap-5-Holdnings\u00f8velse-2-931x1024.jpg 931w, https:\/\/oplaesning.samfundslitteratur.dk\/wp-content\/uploads\/2017\/05\/Del-2-kap-5-Holdnings\u00f8velse-2-273x300.jpg 273w, https:\/\/oplaesning.samfundslitteratur.dk\/wp-content\/uploads\/2017\/05\/Del-2-kap-5-Holdnings\u00f8velse-2-768x845.jpg 768w, https:\/\/oplaesning.samfundslitteratur.dk\/wp-content\/uploads\/2017\/05\/Del-2-kap-5-Holdnings\u00f8velse-2-624x686.jpg 624w\" sizes=\"auto, (max-width: 625px) 100vw, 625px\" \/><\/p>\n<p>&nbsp;<\/p>\n<h4><b>Kapitel 6: Kroppen<\/b><\/h4>\n<p>En fornemmelse af tynge i kroppen kan hj\u00e6lpe p\u00e5 nerv\u00f8siteten og give en bedre adgang til \u00e5ndedr\u00e6ttet. Denne &#8216;grounding&#8217; starter i f\u00f8dderne.<\/p>\n<h5>\u00d8velse: Fodmassage med hoppebold<\/h5>\n<p>Denne \u00f8velse giver en rigtig god fornemmelse af tyngde i f\u00f8dderne. Anskaf dig en hoppebold p\u00e5 2-3 cm i diameter. Tag skoene af, og st\u00e5 op. L\u00e6g hoppebolden p\u00e5 gulvet, og masser nu under den ene fod med hoppebolden. Det skal gerne kunne m\u00e6rkes, men m\u00e5 selvf\u00f8lgelig ikke g\u00f8re ondt. Kom rundt p\u00e5 hele foden: H\u00e6len, svangen, tr\u00e6depuderne og mellem t\u00e6erne. M\u00e6rk derefter forskel p\u00e5 den fod, der har f\u00e5et massage, og den, der ikke har. Gentag med den anden fod.<\/p>\n<p><img loading=\"lazy\" decoding=\"async\" class=\"alignnone size-large wp-image-142\" src=\"http:\/\/oplaesning.samfundslitteratur.dk\/wp-content\/uploads\/2017\/05\/Del-2-kap-6-Hoppebold-1024x796.jpg\" alt=\"\" width=\"625\" height=\"486\" srcset=\"https:\/\/oplaesning.samfundslitteratur.dk\/wp-content\/uploads\/2017\/05\/Del-2-kap-6-Hoppebold-1024x796.jpg 1024w, https:\/\/oplaesning.samfundslitteratur.dk\/wp-content\/uploads\/2017\/05\/Del-2-kap-6-Hoppebold-300x233.jpg 300w, https:\/\/oplaesning.samfundslitteratur.dk\/wp-content\/uploads\/2017\/05\/Del-2-kap-6-Hoppebold-768x597.jpg 768w, https:\/\/oplaesning.samfundslitteratur.dk\/wp-content\/uploads\/2017\/05\/Del-2-kap-6-Hoppebold-624x485.jpg 624w\" sizes=\"auto, (max-width: 625px) 100vw, 625px\" \/><\/p>\n<h4><\/h4>\n<h4><b>Kapitel 7: Tre opvarmningsprogrammer<\/b><\/h4>\n<p>Bogens del om stemme og krop slutter med tre forskellige s\u00e6t opvarmnings\u00f8velser. De kan bruges til at arbejde generelt med at forbedre stemmeteknikken og til at varme stemme og krop op, inden man t\u00e6nder mikrofonen eller st\u00e5r foran publikum. Her er der et billede af en af \u00f8velserne, der kan v\u00e6re lidt sv\u00e6r at forklare:<\/p>\n<h5>\u00d8velse: Diagonalt str\u00e6k<\/h5>\n<p><em>Denne \u00f8velse er et diagonalt str\u00e6k, der giver en generel afsp\u00e6nding i kroppen. Den \u00e5bner for den dybtliggende vejrtr\u00e6kning, f\u00e5r fat i kroppens bindev\u00e6v og str\u00e6kker samtidig nogle af de muskler, der forbedrer holdningen. Tilpas \u00f8velsen, s\u00e5 den f\u00f8les afslappende og behagelig.<\/em><\/p>\n<p>L\u00e6g dig p\u00e5 venstre side med benene strakt. L\u00e6g nu h\u00f8jre ben skr\u00e5t over det venstre ud mod venstre side med en fodsl\u00e6ngde mellem f\u00f8dderne. Fleks foden, s\u00e5 h\u00e6len er l\u00e6ngst fremme i str\u00e6kket. Venstre arm kan ligge langs kroppen, under hovedet eller ud for skulderen, som det f\u00f8les mest behageligt.<\/p>\n<p><img loading=\"lazy\" decoding=\"async\" class=\"alignnone size-large wp-image-144\" style=\"font-size: 1rem;\" src=\"http:\/\/oplaesning.samfundslitteratur.dk\/wp-content\/uploads\/2017\/05\/Del-2-kap-7-Diagonalt-str\u00e6k-684x1024.jpg\" alt=\"\" width=\"625\" height=\"936\" srcset=\"https:\/\/oplaesning.samfundslitteratur.dk\/wp-content\/uploads\/2017\/05\/Del-2-kap-7-Diagonalt-str\u00e6k-684x1024.jpg 684w, https:\/\/oplaesning.samfundslitteratur.dk\/wp-content\/uploads\/2017\/05\/Del-2-kap-7-Diagonalt-str\u00e6k-200x300.jpg 200w, https:\/\/oplaesning.samfundslitteratur.dk\/wp-content\/uploads\/2017\/05\/Del-2-kap-7-Diagonalt-str\u00e6k-768x1150.jpg 768w, https:\/\/oplaesning.samfundslitteratur.dk\/wp-content\/uploads\/2017\/05\/Del-2-kap-7-Diagonalt-str\u00e6k-624x935.jpg 624w\" sizes=\"auto, (max-width: 625px) 100vw, 625px\" \/><\/p>\n<p>Lad overkroppen s\u00f8ge ned mod gulvet, s\u00e5 begge skuldre har kontakt med t\u00e6ppet\/m\u00e5tten. L\u00e6g h\u00f8jre arm bag ryggen, og f\u00f8r den i en stor bue ud i et diagonalt str\u00e6k og videre hen over hovedet langs gulvet. Lad armen hvile i str\u00e6kket flere steder undervejs.<\/p>\n<p>Str\u00e6k armen ud, fornem, at der bliver trukket i h\u00e6len og i fingerspidserne, og lad muskler og bindev\u00e6v give sig mellem de to punkter. Hvis du kommer til at gabe, er det, fordi du har rigtigt fat i \u00f8velsen!<\/p>\n<p>F\u00f8r s\u00e5 h\u00f8jre arm langsomt tilbage over hovedet og ned bag ryggen. Kom tilbage til at ligge p\u00e5 ryggen, og l\u00e6g m\u00e6rke til forskellen mellem de to sider.<\/p>\n<p>Gentag \u00f8velsen ved at ligge p\u00e5 h\u00f8jre side og str\u00e6kke venstre ben og arm.<\/p>\n<h4>Opvarmningsprogram til bilen<\/h4>\n<p>Det 3. \u00f8velsess\u00e6t er beregnet til at tage med fx i bilen, og til det form\u00e5l kan du her downloade en lydfil, der guider dig gennem en opvarmning.<\/p>\n<audio class=\"wp-audio-shortcode\" id=\"audio-62-1\" preload=\"none\" style=\"width: 100%;\" controls=\"controls\"><source type=\"audio\/mpeg\" src=\"http:\/\/oplaesning.samfundslitteratur.dk\/wp-content\/uploads\/2017\/05\/Kap.-7-\u00f8velsess\u00e6t-3.-Opvarmningsprogram.mp3?_=1\" \/><a href=\"http:\/\/oplaesning.samfundslitteratur.dk\/wp-content\/uploads\/2017\/05\/Kap.-7-\u00f8velsess\u00e6t-3.-Opvarmningsprogram.mp3\">http:\/\/oplaesning.samfundslitteratur.dk\/wp-content\/uploads\/2017\/05\/Kap.-7-\u00f8velsess\u00e6t-3.-Opvarmningsprogram.mp3<\/a><\/audio>\n","protected":false},"excerpt":{"rendered":"<p>Her er der materiale til bogens del to, der besk\u00e6ftiger sig med stemmen og kroppen. Her finder du illustrerende fotos af forskellige \u00f8velser og en lydfil med et opvarmningsprogram, \u00a0du kan downloade og lave i bilen p\u00e5 vej til en opl\u00e6sning eller en speakopgave. Kapitel 5: Stemmen I bogens kapitel [&hellip;]<\/p>\n","protected":false},"author":1,"featured_media":0,"parent":0,"menu_order":0,"comment_status":"closed","ping_status":"closed","template":"","meta":{"footnotes":""},"class_list":["post-62","page","type-page","status-publish","hentry"],"_links":{"self":[{"href":"https:\/\/oplaesning.samfundslitteratur.dk\/index.php?rest_route=\/wp\/v2\/pages\/62","targetHints":{"allow":["GET"]}}],"collection":[{"href":"https:\/\/oplaesning.samfundslitteratur.dk\/index.php?rest_route=\/wp\/v2\/pages"}],"about":[{"href":"https:\/\/oplaesning.samfundslitteratur.dk\/index.php?rest_route=\/wp\/v2\/types\/page"}],"author":[{"embeddable":true,"href":"https:\/\/oplaesning.samfundslitteratur.dk\/index.php?rest_route=\/wp\/v2\/users\/1"}],"replies":[{"embeddable":true,"href":"https:\/\/oplaesning.samfundslitteratur.dk\/index.php?rest_route=%2Fwp%2Fv2%2Fcomments&post=62"}],"version-history":[{"count":5,"href":"https:\/\/oplaesning.samfundslitteratur.dk\/index.php?rest_route=\/wp\/v2\/pages\/62\/revisions"}],"predecessor-version":[{"id":536,"href":"https:\/\/oplaesning.samfundslitteratur.dk\/index.php?rest_route=\/wp\/v2\/pages\/62\/revisions\/536"}],"wp:attachment":[{"href":"https:\/\/oplaesning.samfundslitteratur.dk\/index.php?rest_route=%2Fwp%2Fv2%2Fmedia&parent=62"}],"curies":[{"name":"wp","href":"https:\/\/api.w.org\/{rel}","templated":true}]}}