{"id":45,"date":"2017-05-16T14:20:04","date_gmt":"2017-05-16T14:20:04","guid":{"rendered":"http:\/\/oplaesning.samfundslitteratur.dk\/?page_id=45"},"modified":"2017-08-16T09:09:10","modified_gmt":"2017-08-16T09:09:10","slug":"del-3","status":"publish","type":"page","link":"https:\/\/oplaesning.samfundslitteratur.dk\/?page_id=45","title":{"rendered":"Del 3: Den mundtlige mikserpult"},"content":{"rendered":"<p>Her finder du en hel masse lydfiler, med eksempler p\u00e5 teksterne indtalt af forfatterne, links, billeder og en video til kapitlerne i del 3: Den mundtlige mikserpult.<\/p>\n<h4><b>Kapitel 8: Frasering<\/b><\/h4>\n<p>I kapitlet om frasering ligger et teksteksempel p\u00e5, hvordan man kan skrive fraseringsbuerne ind i en tekst. Teksten af Carsten Jensen er fra\u00a0<em>Af en astmatisk kritikers bekendelser,<\/em> hvor han bl.a. diskuterer mediernes omgang med sandheden.<\/p>\n<p>Vi giver her et bud p\u00e5, hvordan teksten kan fraseres:<\/p>\n<audio class=\"wp-audio-shortcode\" id=\"audio-45-1\" preload=\"none\" style=\"width: 100%;\" controls=\"controls\"><source type=\"audio\/mpeg\" src=\"http:\/\/oplaesning.samfundslitteratur.dk\/wp-content\/uploads\/2017\/06\/Kap-8-Frasering-Jensen-1993.mp3?_=1\" \/><a href=\"http:\/\/oplaesning.samfundslitteratur.dk\/wp-content\/uploads\/2017\/06\/Kap-8-Frasering-Jensen-1993.mp3\">http:\/\/oplaesning.samfundslitteratur.dk\/wp-content\/uploads\/2017\/06\/Kap-8-Frasering-Jensen-1993.mp3<\/a><\/audio>\n<p>&nbsp;<\/p>\n<p>Afsnittet om pauser indeholder et eksempel p\u00e5, hvor man kan indl\u00e6gge pauser i en tekst, hvor s\u00e6tningsstrukturen er kompliceret, som hos Kierkegaard fra <em>Enten-Eller<\/em>:<\/p>\n<audio class=\"wp-audio-shortcode\" id=\"audio-45-2\" preload=\"none\" style=\"width: 100%;\" controls=\"controls\"><source type=\"audio\/mpeg\" src=\"http:\/\/oplaesning.samfundslitteratur.dk\/wp-content\/uploads\/2017\/05\/Kap-8-Pauser-Kierkegaard-1950.mp3?_=2\" \/><a href=\"http:\/\/oplaesning.samfundslitteratur.dk\/wp-content\/uploads\/2017\/05\/Kap-8-Pauser-Kierkegaard-1950.mp3\">http:\/\/oplaesning.samfundslitteratur.dk\/wp-content\/uploads\/2017\/05\/Kap-8-Pauser-Kierkegaard-1950.mp3<\/a><\/audio>\n<p>&nbsp;<\/p>\n<p>I afsnittet om tryk (side 118-119) er vi inde p\u00e5, at tryk kan bruges utraditionelt for at markere en forskel i opremsningen, som her:<\/p>\n<audio class=\"wp-audio-shortcode\" id=\"audio-45-3\" preload=\"none\" style=\"width: 100%;\" controls=\"controls\"><source type=\"audio\/mpeg\" src=\"http:\/\/oplaesning.samfundslitteratur.dk\/wp-content\/uploads\/2017\/06\/Kap-8-Tryk-Schiermer-2008.mp3?_=3\" \/><a href=\"http:\/\/oplaesning.samfundslitteratur.dk\/wp-content\/uploads\/2017\/06\/Kap-8-Tryk-Schiermer-2008.mp3\">http:\/\/oplaesning.samfundslitteratur.dk\/wp-content\/uploads\/2017\/06\/Kap-8-Tryk-Schiermer-2008.mp3<\/a><\/audio>\n<p>&nbsp;<\/p>\n<p>I afsnittet om intonation arbejder har vi markeret op-, hen- og nedtoner med streger. Det kan fx v\u00e6re aktuelt at markere en indskudt s\u00e6tning ved at g\u00e5 ned i tonelejet, som eksemplificeret her med en bid fra Munchs artikel <em>Ghettoland<\/em>:<\/p>\n<audio class=\"wp-audio-shortcode\" id=\"audio-45-4\" preload=\"none\" style=\"width: 100%;\" controls=\"controls\"><source type=\"audio\/mpeg\" src=\"http:\/\/oplaesning.samfundslitteratur.dk\/wp-content\/uploads\/2017\/06\/Kap-8-Intonation-Munch-2016.mp3?_=4\" \/><a href=\"http:\/\/oplaesning.samfundslitteratur.dk\/wp-content\/uploads\/2017\/06\/Kap-8-Intonation-Munch-2016.mp3\">http:\/\/oplaesning.samfundslitteratur.dk\/wp-content\/uploads\/2017\/06\/Kap-8-Intonation-Munch-2016.mp3<\/a><\/audio>\n<p>&nbsp;<\/p>\n<p>Mod slutningen af kapitlet er vi inde p\u00e5, at det er en udfordring for intonationen med mange indskud, sideordnede s\u00e6tninger og lange s\u00e6tninger. I \u201cDet absolute Paradox (en metaphysisk Grille)\u201d af S\u00f8ren Kierkegaard er det f\u00f8rste punktum f\u00f8rst 6 linjer inde i citatet. Her kan opl\u00e6sningen v\u00e6re udgangspunktet for forst\u00e5elsen og fortolkningen. Det kunne fx lyde s\u00e5dan:<\/p>\n<audio class=\"wp-audio-shortcode\" id=\"audio-45-5\" preload=\"none\" style=\"width: 100%;\" controls=\"controls\"><source type=\"audio\/mpeg\" src=\"http:\/\/oplaesning.samfundslitteratur.dk\/wp-content\/uploads\/2017\/06\/Kap-8-Intonation-Kierkegaard-2012.mp3?_=5\" \/><a href=\"http:\/\/oplaesning.samfundslitteratur.dk\/wp-content\/uploads\/2017\/06\/Kap-8-Intonation-Kierkegaard-2012.mp3\">http:\/\/oplaesning.samfundslitteratur.dk\/wp-content\/uploads\/2017\/06\/Kap-8-Intonation-Kierkegaard-2012.mp3<\/a><\/audio>\n<p>&nbsp;<\/p>\n<p>De kan v\u00e6re nyttigt at skrive fraseringstegn ind i sin opl\u00e6sningstekst for at g\u00f8re sig klart, hvad man vil, og hvor det ville give mening at l\u00e6gge tryk, n\u00f8gleord og pauser. Vi giver her et bud p\u00e5, hvordan Hendricks tekst <em>At se p\u00e5<\/em> lyder med fraseringstegnene i baghovedet.<\/p>\n<audio class=\"wp-audio-shortcode\" id=\"audio-45-6\" preload=\"none\" style=\"width: 100%;\" controls=\"controls\"><source type=\"audio\/mpeg\" src=\"http:\/\/oplaesning.samfundslitteratur.dk\/wp-content\/uploads\/2017\/06\/Kap-8-Teksteksempel-Hendricks-2016.mp3?_=6\" \/><a href=\"http:\/\/oplaesning.samfundslitteratur.dk\/wp-content\/uploads\/2017\/06\/Kap-8-Teksteksempel-Hendricks-2016.mp3\">http:\/\/oplaesning.samfundslitteratur.dk\/wp-content\/uploads\/2017\/06\/Kap-8-Teksteksempel-Hendricks-2016.mp3<\/a><\/audio>\n<p>&nbsp;<\/p>\n<h4><b>Kapitel 9:\u00a0<\/b><b>Tempo og rytme<\/b><\/h4>\n<p>Her kan man <a href=\"http:\/\/danishvoices.dk\/Stemmefiler\/Member_2699\/Jesper%20Dupont%20_REKLAME%2001%20-%20overgearet_ffef53dd-0445-49ff-9f4c-7df6f829c36e.mp3\">i en mp3-fil<\/a> h\u00f8re en optagelse af Jesper Duponts hurtige og energiske version af en bredb\u00e5ndsreklame, som er et eksempel p\u00e5 hard sell, som vi ogs\u00e5 kommer ind p\u00e5 i del 4: Udfordringer i forskellige opl\u00e6sningsgenrer i kapitel 13 i afsnittet om reklamespeaks.<\/p>\n<p>Optagelsen kommer fra <a href=\"http:\/\/www.danishvoices.dk\/\">Danish Voices\u2019 hjemmeside<\/a>. Danish Voices er speaker- og indl\u00e6serforeningen. P\u00e5 deres hjemmeside kan man ogs\u00e5 lytte til forskellige stemmer, lydeksempler og typer af speak og tekst under fanen <a href=\"http:\/\/www.danishvoices.dk\/find-stemme.aspx\">\u201cFind stemme\u201d<\/a>.<\/p>\n<h4><b>Kapitel 10:\u00a0<\/b><b>Artikulation<\/b><\/h4>\n<p>Ruben Schachtenhaufen medvirker med et interview i bogen. Han er fonetiker, og i <a href=\"https:\/\/www.youtube.com\/watch?v=y487zsZBGeA.\">denne video<\/a> fort\u00e6ller han om sin forskning i udtalesjusk. Optagelsen er fra Stemmens Dag 2016.\u00a0Videoen varer omkring 19 minutter.<\/p>\n<p><iframe loading=\"lazy\" src=\"https:\/\/www.youtube.com\/embed\/y487zsZBGeA\" width=\"560\" height=\"315\" frameborder=\"0\" allowfullscreen=\"allowfullscreen\"><\/iframe><\/p>\n<h4>Fonetik: Lydene i det danske sprog<i> <\/i><\/h4>\n<p>I det mundtlige sprog er der flere lyde, end der findes i alfabetet. Fonetikken giver et overblik over lydene i det danske sprog, og det er godt at s\u00e6tte sig ind i, n\u00e5r man skal bevidstg\u00f8re og eventuelt forbedre sin artikulation i opl\u00e6sningen.<\/p>\n<p>Vil du fordybe dig mere i fonetik, kan du finde mere via disse links:<\/p>\n<ul>\n<li>Hvis man er i tvivl om, hvordan et ord udtales, findes der brugbare udtaleguides p\u00e5 <a href=\"http:\/\/ordnet.dk\/\">Ordnet<\/a> og <a href=\"http:\/\/forvo.com\/\">Forvo<\/a>. P\u00e5 ordnet er der i mange tilf\u00e6lde et eksempel p\u00e5, hvordan man udtaler de ord, man sl\u00e5r op. P\u00e5 Forvo kan man s\u00f8ge p\u00e5 ord p\u00e5 dansk og mange andre sprog, som man kan h\u00f8re udtalt forskelligt.<\/li>\n<li>P\u00e5 hjemmesiden <a href=\"http:\/\/bogstavlyd.ku.dk\">Bogstavlyd fra K\u00f8benhavns Universitet<\/a> kan man l\u00e6se mere om forholdet mellem bogstav og lyd og s\u00f8ge i forskellige bogstaver og lydskriftstegn. Det er en hjemmeside, der er lavet til, at man kan g\u00e5 p\u00e5 opdagelse i fonetikken. Der er ikke lydfiler p\u00e5 siden, men er man p\u00e5 jagt efter det perfekte rim, findes det nok i deres rimordbog.<\/li>\n<li><a href=\"http:\/\/schwa.dk\/filer\/ipasimple\/\">Her kan du finde en tegnv\u00e6lger<\/a>, hvor man kan se og kopiere lydskriftstegnene i det internationale fonetiske alfabet, som kan g\u00f8re det nemmere at skrive lydskrift.<\/li>\n<li>Hjemmesiden <a href=\"http:\/\/www.schwa.dk\">schwa.dk<\/a> er udarbejdet af fonetiker Ruben Schachtenhaufen, og her kan man l\u00e6se meget mere om fonetik. Ordet schwa er navnet p\u00e5 det omvendte e (\u0259), som er den tryksvage lyd, der er i slutningen af ord som \u2018d\u00e5se\u2019, \u2018katte\u2019 og \u2018l\u00f8be\u2019.<\/li>\n<\/ul>\n<h4>Skab plads til artikulationen<\/h4>\n<p>Vi mennesker er generelt rigtig gode til at bide sammen og l\u00e5se k\u00e6ben fast i en sammenbidt stilling. Det betyder, at der ikke er meget plads at artikulere med. En god artikulation beh\u00f8ver en k\u00e6be, der kan bev\u00e6ge sig frit. Afsp\u00e6nd k\u00e6ben, s\u00e5 der er plads til udtalen, fx med denne \u00f8velse:<\/p>\n<h5>\u00d8velse: Dobbeltmassage<\/h5>\n<p>Vask h\u00e6nderne grundigt, f\u00f8r du starter. S\u00e6t h\u00f8jre tommelfinger ind i venstre side af munden, s\u00e5 spidsen og blommen af fingeren ligger p\u00e5 indersiden af k\u00e6bemusklen. S\u00e6t pege- og langfinger p\u00e5 ydersiden af musklen, s\u00e5 de arbejder sammen med tommelfingeren. Masser nu musklen, s\u00e5 du starter foroven og glider langsomt nedad p\u00e5 musklen. Forts\u00e6t massagen et par minutter. M\u00e6rk efter, hvordan forskellen mellem de to sider f\u00f8les, inden du forts\u00e6tter i den anden side af munden.<\/p>\n<p><img loading=\"lazy\" decoding=\"async\" class=\"alignnone wp-image-174\" src=\"http:\/\/oplaesning.samfundslitteratur.dk\/wp-content\/uploads\/2017\/05\/Del-3-kap-10-Dobbeltmassage.jpg\" alt=\"\" width=\"518\" height=\"769\" srcset=\"https:\/\/oplaesning.samfundslitteratur.dk\/wp-content\/uploads\/2017\/05\/Del-3-kap-10-Dobbeltmassage.jpg 3661w, https:\/\/oplaesning.samfundslitteratur.dk\/wp-content\/uploads\/2017\/05\/Del-3-kap-10-Dobbeltmassage-202x300.jpg 202w, https:\/\/oplaesning.samfundslitteratur.dk\/wp-content\/uploads\/2017\/05\/Del-3-kap-10-Dobbeltmassage-768x1140.jpg 768w, https:\/\/oplaesning.samfundslitteratur.dk\/wp-content\/uploads\/2017\/05\/Del-3-kap-10-Dobbeltmassage-690x1024.jpg 690w\" sizes=\"auto, (max-width: 518px) 100vw, 518px\" \/><\/p>\n","protected":false},"excerpt":{"rendered":"<p>Her finder du en hel masse lydfiler, med eksempler p\u00e5 teksterne indtalt af forfatterne, links, billeder og en video til kapitlerne i del 3: Den mundtlige mikserpult. Kapitel 8: Frasering I kapitlet om frasering ligger et teksteksempel p\u00e5, hvordan man kan skrive fraseringsbuerne ind i en tekst. Teksten af Carsten [&hellip;]<\/p>\n","protected":false},"author":1,"featured_media":0,"parent":0,"menu_order":0,"comment_status":"closed","ping_status":"closed","template":"","meta":{"footnotes":""},"class_list":["post-45","page","type-page","status-publish","hentry"],"_links":{"self":[{"href":"https:\/\/oplaesning.samfundslitteratur.dk\/index.php?rest_route=\/wp\/v2\/pages\/45","targetHints":{"allow":["GET"]}}],"collection":[{"href":"https:\/\/oplaesning.samfundslitteratur.dk\/index.php?rest_route=\/wp\/v2\/pages"}],"about":[{"href":"https:\/\/oplaesning.samfundslitteratur.dk\/index.php?rest_route=\/wp\/v2\/types\/page"}],"author":[{"embeddable":true,"href":"https:\/\/oplaesning.samfundslitteratur.dk\/index.php?rest_route=\/wp\/v2\/users\/1"}],"replies":[{"embeddable":true,"href":"https:\/\/oplaesning.samfundslitteratur.dk\/index.php?rest_route=%2Fwp%2Fv2%2Fcomments&post=45"}],"version-history":[{"count":5,"href":"https:\/\/oplaesning.samfundslitteratur.dk\/index.php?rest_route=\/wp\/v2\/pages\/45\/revisions"}],"predecessor-version":[{"id":535,"href":"https:\/\/oplaesning.samfundslitteratur.dk\/index.php?rest_route=\/wp\/v2\/pages\/45\/revisions\/535"}],"wp:attachment":[{"href":"https:\/\/oplaesning.samfundslitteratur.dk\/index.php?rest_route=%2Fwp%2Fv2%2Fmedia&parent=45"}],"curies":[{"name":"wp","href":"https:\/\/api.w.org\/{rel}","templated":true}]}}